 base 16.
-1d10
What is -33523 (base 6) in base 7?
-16536
Convert -608 (base 9) to base 7.
-1304
Convert -11100101 (base 3) to base 2.
-110001100001
Convert 7004 (base 10) to base 5.
211004
23821 (base 9) to base 12
92b4
16ba6 (base 12) to base 4
20000232
-dec (base 16) to base 4
-313230
22 (base 6) to base 12
12
Convert 12021012 (base 3) to base 2.
111011111111
What is -1001010001 (base 2) in base 13?
-368
Convert -1646 (base 7) to base 14.
-35d
What is 49d (base 16) in base 10?
1181
100101111101111 (base 2) to base 12
b2bb
-540 (base 7) to base 3
-101010
-759 (base 13) to base 11
-a43
b3ee (base 16) to base 9
70160
-13400 (base 10) to base 11
-a082
What is -320020 (base 4) in base 7?
-13321
32843 (base 9) to base 5
1144303
What is 12041 (base 7) in base 3?
11021102
-11012111 (base 3) to base 11
-2336
Convert 1233 (base 6) to base 10.
309
What is -12220133 (base 4) in base 3?
-1101021012
-3cbb (base 13) to base 10
-8773
Convert 235350 (base 6) to base 10.
20658
What is 5187 (base 13) in base 2?
10110000000001
What is -48860 (base 9) in base 5?
-2022103
-d3ff (base 16) to base 5
-3214041
-215c (base 13) to base 7
-16346
Convert 2278 (base 10) to base 7.
6433
Convert -331 (base 9) to base 2.
-100001111
Convert 1dd (base 14) to base 8.
607
Convert -1101102 (base 3) to base 2.
-1111110010
What is -112022101 (base 3) in base 8?
-24300
Convert -e6b (base 16) to base 8.
-7153
-1076 (base 9) to base 8
-1436
Convert -1557 (base 8) to base 4.
-31233
What is -1e1 (base 15) in base 13?
-277
What is -1b4 (base 14) in base 11?
-2a2
-5465 (base 7) to base 10
-1958
What is -303 (base 12) in base 14?
-231
What is 399 (base 11) in base 10?
471
-2012001222 (base 3) to base 14
-119a0
-420340 (base 5) to base 6
-144033
Convert -178 (base 16) to base 2.
-101111000
What is -1211121120 (base 3) in base 4?
-20311020
-b1b (base 15) to base 14
-ca9
475 (base 14) to base 6
4035
-a96 (base 15) to base 3
-10021120
-112001020 (base 3) to base 2
-10011111111111
-11100000100 (base 2) to base 15
-7eb
-10042 (base 5) to base 15
-2d2
What is -43502 (base 8) in base 11?
-12784
What is -652 (base 11) in base 14?
-3dd
13161 (base 7) to base 15
109c
Convert a31 (base 13) to base 14.
8b8
What is 225213 (base 7) in base 15?
bdc9
What is 36f (base 16) in base 10?
879
What is -5c48 (base 13) in base 4?
-3030101
Convert 11250 (base 8) to base 4.
1022220
1646 (base 16) to base 10
5702
314331 (base 7) to base 5
3214423
-51b5 (base 16) to base 5
-1132132
Convert a93 (base 13) to base 12.
106a
Convert -6822 (base 10) to base 2.
-1101010100110
What is 1644 (base 7) in base 2?
1010011101
Convert 1559 (base 10) to base 14.
7d5
What is 24c (base 14) in base 6?
2044
Convert 36aa (base 12) to base 10.
6178
Convert 1202b (base 12) to base 6.
304055
-47771 (base 8) to base 3
-1001002021
13a0 (base 11) to base 14
92c
-5 (base 10) to base 6
-5
What is 7815 (base 13) in base 11?
11647
Convert -6885 (base 9) to base 5.
-130344
Convert 1e (base 15) to base 5.
104
What is 42003 (base 6) in base 2?
1010111110011
What is 2d7e (base 15) in base 5?
303134
Convert 8a72 (base 15) to base 6.
343525
Convert -1757 (base 11) to base 6.
-14212
What is 3116 (base 7) in base 13?
65c
What is 12421 (base 6) in base 12?
1111
Convert -92b (base 12) to base 8.
-2463
26a (base 16) to base 10
618
Convert 328 (base 15) to base 5.
10323
64525 (base 8) to base 3
1100222201
Convert 61151 (base 7) to base 2.
11100111110010
What is 407 (base 9) in base 5?
2311
-2120210 (base 4) to base 2
-10011000100100
What is -1734 (base 8) in base 9?
-1317
Convert -237 (base 16) to base 7.
-1440
What is 2645 (base 16) in base 5?
303142
-26000 (base 8) to base 9
-16405
What is 241214 (base 7) in base 14?
11cb4
Convert -244352 (base 6) to base 3.
-1002211012
-235402 (base 7) to base 2
-1010011011101010
121245 (base 6) to base 15
3275
What is -2a22 (base 11) in base 7?
-14234
4502 (base 6) to base 15
49b
Convert 217a (base 11) to base 4.
230312
2388 (base 9) to base 2
11011110101
What is -102232 (base 4) in base 8?
-2256
What is -11011010 (base 2) in base 7?
-431
What is 7c7 (base 16) in base 12?
119b
What is -1011011001 (base 2) in base 3?
-1000000
Convert -2802 (base 16) to base 8.
-24002
Convert -8a7 (base 13) to base 16.
-5d1
Convert 48c4 (base 14) to base 3.
122102222
What is -220435 (base 6) in base 16?
-4787
9f08 (base 16) to base 12
1b688
What is -3087 (base 12) in base 16?
-14a7
Convert -10012222 (base 4) to base 15.
-4eaa
What is -10104 (base 5) in base 4?
-22032
Convert 22aa0 (base 12) to base 6.
555120
What is 1010010011101 (base 2) in base 11?
3a68
131163 (base 7) to base 4
11331333
What is 653 (base 10) in base 8?
1215
What is -21111002 (base 3) in base 16?
-1550
What is 1384 (base 9) in base 3?
1102211
27218 (base 9) to base 8
43744
Convert -3b45 (base 12) to base 14.
-26b3
Convert 864 (base 9) to base 14.
386
Convert 423 (base 10) to base 14.
223
1211443 (base 5) to base 14
840c
1477 (base 10) to base 2
10111000101
200 (base 12) to base 8
440
Convert -14120 (base 5) to base 9.
-1528
What is -223b (base 13) in base 12?
-2926
-1151 (base 13) to base 14
-c5a
989 (base 10) to base 6
4325
Convert 1bb (base 12) to base 9.
348
Convert 1914 (base 11) to base 16.
983
Convert 578 (base 9) to base 8.
734
What is -4605 (base 10) in base 8?
-10775
-424442 (base 5) to base 6
-150312
-2a5 (base 14) to base 6
-2253
What is -544 (base 13) in base 5?
-12101
Convert -2431 (base 13) to base 6.
-35354
What is -236 (base 8) in base 5?
-1113
What is -3120 (base 4) in base 8?
-330
-1668 (base 9) to base 13
-773
-21313121 (base 4) to base 11
-283a6
-1046 (base 8) to base 2
-1000100110
Convert -381 (base 12) to base 15.
-254
12100201 (base 4) to base 16
6421
Convert -2da (base 14) to base 15.
-28e
What is -111001110 (base 2) in base 4?
-13032
-515 (base 10) to base 14
-28b
-30a (base 11) to base 14
-1c9
-14f (base 16) to base 4
-11033
Convert -756 (base 8) to base 10.
-494
What is 2015 (base 9) in base 7?
4202
Convert 3820 (base 10) to base 15.
11ea
2972 (base 11) to base 14
1578
What is -13a2 (base 11) in base 14?
-930
Convert 100000000000000 (base 2) to base 15.
4cc4
What is -2233 (base 7) in base 13?
-4a2
Convert 10111001111 (base 2) to base 12.
a3b
1443 (base 8) to base 16
323
Convert 114216 (base 8) to base 16.
988e
Convert -3380 (base 10) to base 11.
-25a3
What is 49961 (base 10) in base 11?
3459a
Convert 3810 (base 9) to base 6.
21100
Convert 4004 (base 5) to base 7.
1320
8af (base 16) to base 8
4257
-101101001111110 (base 2) to base 3
-1011210000
-11987 (base 12) to base 14
-89a7
What is 211210 (base 4) in base 9?
3261
d97d (base 14) to base 11
26234
What is 102401 (base 6) in base 10?
8353
-222100 (base 4) to base 10
-2704
What is 111111111 (base 2) in base 16?
1ff
1682 (base 9) to base 2
10100001001
-1283 (base 15) to base 13
-1a49
20002000 (base 3) to base 5
120203
Convert -22553 (base 6) to base 8.
-6245
3423 (base 5) to base 14
26c
What is 25376 (base 11) in base 13?
13739
Convert 1501 (base 7) to base 2.
1001001101
What is 1bc5 (base 15) in base 5?
143120
-3d9 (base 15) to base 7
-2364
Convert -2424 (base 5) to base 4.
-11230
What is 8c1 (base 15) in base 3?
2201101
What is 301 (base 9) in base 2?
11110100
What is -113032 (base 4) in base 15?
-691
What is -43000 (base 9) in base 6?
-335343
Convert 156010 (base 7) to base 3.
1120100121
What is 698 (base 12) in base 7?
2600
-78 (base 15) to base 11
-a3
-5672 (base 13) to base 5
-341332
Convert 1302 (base 10) to base 12.
906
What is -a1a5 (base 14) in base 9?
-42087
a20 (base 16) to base 7
10362
Convert -1482 (base 15) to base 12.
-2665
Convert 57cc (base 13) to base 10.
12336
Convert 23652 (base 10) to base 8.
56144
9793 (base 16) to base 2
1001011110010011
Convert -131110 (base 4) to base 14.
-980
Convert -147 (base 16) to base 12.
-233
What is 19706 (base 11) in base 6?
331105
Convert 1a5 (base 15) to base 16.
17c
Convert 66513 (base 8) to base 7.
144400
-13344 (base 5) to base 9
-1451
Convert 1613 (base 7) to base 16.
287
Convert 148301 (base 9) to base 10.
91369
What is 39b3 (base 12) in base 11?
4a74
What is 215445 (base 6) in base 9?
26742
What is -19955 (base 10) in base 12?
-b66b
What is b8ab (base 15) in base 5?
2222321
What is 2892 (base 11) in base 6?
25135
What is -3310 (base 4